{"id":17845,"date":"2023-06-12T22:29:37","date_gmt":"2023-06-12T20:29:37","guid":{"rendered":"https:\/\/doysa-agri.com\/?post_type=product&#038;p=17845"},"modified":"2024-08-27T20:34:52","modified_gmt":"2024-08-27T18:34:52","slug":"mtd-rasentraktor-optima-minirider-76-rde","status":"publish","type":"product","link":"https:\/\/doysa-agri.com\/index.php\/produkt\/mtd-rasentraktor-optima-minirider-76-rde\/","title":{"rendered":"MTD Rasentraktor Optima Minirider 76 RDE"},"content":{"rendered":"<div class=\"bwcLrc\">\n<p class=\"sh-ds__desc\"><span class=\"sh-ds__trunc\"><span class=\"sh-ds__trunc-txt translate-content\">MTD-Motor mit 7,6 kW (10,3 PS) Leistung. Mit Transmatic-Antrieb. 5-fache Schnitth\u00f6henverstellung und M\u00e4hwerkskupplung. Gro\u00dfe und komfortable luftbereifte R\u00e4der. Traktor mit nur 46 cm Wenderadius f\u00fcr h\u00f6here Flexibilit\u00e4t.<\/span><\/span><\/p>\n<\/div>\n<table class=\"O2pTHb\">\n<tbody>\n<tr>\n<td class=\"c18cu\" colspan=\"2\">D\u00e9tails<\/td>\n<\/tr>\n<tr class=\"vm91i\">\n<td>\n<div class=\"ipBhab\">Rasenfl\u00e4che bis ca. m\u00b2<\/div>\n<\/td>\n<td class=\"AnDf0c\">1500<\/td>\n<\/tr>\n<tr class=\"vm91i\">\n<td>\n<div class=\"ipBhab\">Arbeitsbreite in cm<\/div>\n<\/td>\n<td class=\"AnDf0c\">76<\/td>\n<\/tr>\n<tr class=\"vm91i\">\n<td>\n<div class=\"ipBhab\">Motor<\/div>\n<\/td>\n<td class=\"AnDf0c\">MTD, 1 Zylinder<\/td>\n<\/tr>\n<tr class=\"vm91i\">\n<td>\n<div class=\"ipBhab\">Leistung in kW<\/div>\n<\/td>\n<td class=\"AnDf0c\">6<\/td>\n<\/tr>\n<tr class=\"vm91i\">\n<td>\n<div class=\"ipBhab\">Leistung U\/min<\/div>\n<\/td>\n<td class=\"AnDf0c\">3000<\/td>\n<\/tr>\n<tr class=\"vm91i\">\n<td>\n<div class=\"ipBhab\">Hubraum in cm\u00b3<\/div>\n<\/td>\n<td class=\"AnDf0c\">382<\/td>\n<\/tr>\n<tr class=\"vm91i\">\n<td>\n<div class=\"ipBhab\">Starter<\/div>\n<\/td>\n<td class=\"AnDf0c\">E-Starter<\/td>\n<\/tr>\n<tr class=\"vm91i\">\n<td>\n<div class=\"ipBhab\">Tankinhalt in Liter<\/div>\n<\/td>\n<td class=\"AnDf0c\">4,9<\/td>\n<\/tr>\n<tr class=\"vm91i\">\n<td>\n<div class=\"ipBhab\">G\u00e4nge<\/div>\n<\/td>\n<td class=\"AnDf0c\">6<\/td>\n<\/tr>\n<tr class=\"vm91i\">\n<td>\n<div class=\"ipBhab\">Getriebeart<\/div>\n<\/td>\n<td class=\"AnDf0c\">Transmatic<\/td>\n<\/tr>\n<tr class=\"vm91i\">\n<td>\n<div class=\"ipBhab\">Radantrieb<\/div>\n<\/td>\n<td class=\"AnDf0c\">Hinterrad<\/td>\n<\/tr>\n<tr class=\"vm91i\">\n<td>\n<div class=\"ipBhab\">Geschwindigkeit<\/div>\n<\/td>\n<td class=\"AnDf0c\">max. 5,5 km\/h<\/td>\n<\/tr>\n<tr class=\"vm91i\">\n<td>\n<div class=\"ipBhab\">Antriebstechnik \/ Antriebsart<\/div>\n<\/td>\n<td class=\"AnDf0c\">Transmatic<\/td>\n<\/tr>\n<tr class=\"vm91i\">\n<td>\n<div class=\"ipBhab\">M\u00e4hwerkeinschaltung<\/div>\n<\/td>\n<td class=\"AnDf0c\">manuell<\/td>\n<\/tr>\n<tr class=\"vm91i\">\n<td>\n<div class=\"ipBhab\">M\u00e4hsystem<\/div>\n<\/td>\n<td class=\"AnDf0c\">Heckauswurf und Auffangen<\/td>\n<\/tr>\n<tr class=\"vm91i\">\n<td>\n<div class=\"ipBhab\">R\u00e4der vorne in Zoll<\/div>\n<\/td>\n<td class=\"AnDf0c\">13&#8243; x 5&#8243;<\/td>\n<\/tr>\n<tr class=\"vm91i\">\n<td>\n<div class=\"ipBhab\">R\u00e4der hinten in Zoll<\/div>\n<\/td>\n<td class=\"AnDf0c\">16&#8243; x 6,5&#8243;<\/td>\n<\/tr>\n<tr class=\"vm91i\">\n<td>\n<div class=\"ipBhab\">Tastr\u00e4der<\/div>\n<\/td>\n<td class=\"AnDf0c\">nein<\/td>\n<\/tr>\n<tr class=\"vm91i\">\n<td>\n<div class=\"ipBhab\">H\u00f6heneinstellung<\/div>\n<\/td>\n<td class=\"AnDf0c\">5 Positionen<\/td>\n<\/tr>\n<tr class=\"vm91i\">\n<td>\n<div class=\"ipBhab\">Schnitth\u00f6he<\/div>\n<\/td>\n<td class=\"AnDf0c\">3,8 &#8211; 9,5 cm<\/td>\n<\/tr>\n<tr class=\"vm91i\">\n<td>\n<div class=\"ipBhab\">Wendekreis<\/div>\n<\/td>\n<td class=\"AnDf0c\">46 cm Radius<\/td>\n<\/tr>\n<tr class=\"vm91i\">\n<td>\n<div class=\"ipBhab\">Mulchfunktion<\/div>\n<\/td>\n<td class=\"AnDf0c\">Ja, mit optionalem Mulchkit<\/td>\n<\/tr>\n<tr class=\"vm91i\">\n<td>\n<div class=\"ipBhab\">Grasfangkorb<\/div>\n<\/td>\n<td class=\"AnDf0c\">Ja<\/td>\n<\/tr>\n<tr class=\"vm91i\">\n<td>\n<div class=\"ipBhab\">Grasfangkorb in Liter<\/div>\n<\/td>\n<td class=\"AnDf0c\">150<\/td>\n<\/tr>\n<tr class=\"vm91i\">\n<td>\n<div class=\"ipBhab\">offener Durchstieg<\/div>\n<\/td>\n<td class=\"AnDf0c\">Ja<\/td>\n<\/tr>\n<tr class=\"vm91i\">\n<td>\n<div class=\"ipBhab\">Beleuchtung<\/div>\n<\/td>\n<td class=\"AnDf0c\">nein<\/td>\n<\/tr>\n<tr class=\"vm91i\">\n<td>\n<div class=\"ipBhab\">Lenkrad<\/div>\n<\/td>\n<td class=\"AnDf0c\">Standard<\/td>\n<\/tr>\n<tr class=\"vm91i\">\n<td>\n<div class=\"ipBhab\">Sitzmodell<\/div>\n<\/td>\n<td class=\"AnDf0c\">niedrig<\/td>\n<\/tr>\n<tr class=\"vm91i\">\n<td>\n<div class=\"ipBhab\">Reinigungsanschluss \/ Deckwaschd\u00fcse<\/div>\n<\/td>\n<td class=\"AnDf0c\">Nein<\/td>\n<\/tr>\n<tr class=\"vm91i\">\n<td>\n<div class=\"ipBhab\">Ma\u00dfe L x B x H in cm<\/div>\n<\/td>\n<td class=\"AnDf0c\">192 x 86 x 112<\/td>\n<\/tr>\n<tr class=\"vm91i\">\n<td>\n<div class=\"ipBhab\">Gewicht in kg<\/div>\n<\/td>\n<td class=\"AnDf0c\">145<\/td>\n<\/tr>\n<\/tbody>\n<\/table>\n","protected":false},"excerpt":{"rendered":"<ul class=\"xpDPYb\">\n<li class=\"KgL16d\">Nur 46 cm Wenderadius f\u00fcr h\u00f6here Flexibilit\u00e4t<\/li>\n<li class=\"KgL16d\">Grosse und komfortable Luftbereifte R\u00e4der<\/li>\n<li class=\"KgL16d\">MTD Motor, 1 Zlyinder, 7,6 kW, 382 cm\u00b3, E-Starter<\/li>\n<li class=\"KgL16d\">Antrieb Transmatic, 6 G\u00e4nge<\/li>\n<li class=\"KgL16d\">Grasfangkorb 150 l<\/li>\n<li class=\"KgL16d\">Tankinhalt 4,9 l<\/li>\n<li class=\"KgL16d\">Schnitth\u00f6he 38\u201395 mm, 5 Positionen<\/li>\n<li class=\"KgL16d\">Gewicht 144 kg<\/li>\n<\/ul>\n","protected":false},"featured_media":17846,"comment_status":"open","ping_status":"closed","template":"","meta":[],"product_brand":[],"product_cat":[98,88],"product_tag":[],"class_list":{"0":"post-17845","1":"product","2":"type-product","3":"status-publish","4":"has-post-thumbnail","6":"product_cat-bestseller","7":"product_cat-rasentraktoren","9":"first","10":"instock","11":"sale","12":"taxable","13":"shipping-taxable","14":"purchasable","15":"product-type-simple"},"yoast_head":"<!-- This site is optimized with the Yoast SEO plugin v26.0 - https:\/\/yoast.com\/wordpress\/plugins\/seo\/ -->\n<title>MTD Rasentraktor Optima Minirider 76 RDE - Doysa Landwirtschaft<\/title>\n<meta name=\"description\" content=\"MTD Rasentraktor Optima Minirider 76 RDE\" \/>\n<meta name=\"robots\" content=\"index, follow, max-snippet:-1, max-image-preview:large, max-video-preview:-1\" \/>\n<link rel=\"canonical\" href=\"https:\/\/doysa-agri.com\/index.php\/produkt\/mtd-rasentraktor-optima-minirider-76-rde\/\" \/>\n<meta property=\"og:locale\" content=\"de_DE\" \/>\n<meta property=\"og:type\" content=\"article\" \/>\n<meta property=\"og:title\" content=\"MTD Rasentraktor Optima Minirider 76 RDE - Doysa Landwirtschaft\" \/>\n<meta property=\"og:description\" content=\"MTD Rasentraktor Optima Minirider 76 RDE\" \/>\n<meta property=\"og:url\" content=\"https:\/\/doysa-agri.com\/index.php\/produkt\/mtd-rasentraktor-optima-minirider-76-rde\/\" \/>\n<meta property=\"og:site_name\" content=\"Doysa Landwirtschaft\" \/>\n<meta property=\"article:modified_time\" content=\"2024-08-27T18:34:52+00:00\" \/>\n<meta property=\"og:image\" content=\"https:\/\/doysa-agri.com\/wp-content\/uploads\/2024\/05\/1-9.webp\" \/>\n\t<meta property=\"og:image:width\" content=\"2560\" \/>\n\t<meta property=\"og:image:height\" content=\"2560\" \/>\n\t<meta property=\"og:image:type\" content=\"image\/webp\" \/>\n<meta name=\"twitter:card\" content=\"summary_large_image\" \/>\n<meta name=\"twitter:label1\" content=\"Gesch\u00e4tzte Lesezeit\" \/>\n\t<meta name=\"twitter:data1\" content=\"1\u00a0Minute\" \/>\n<script type=\"application\/ld+json\" class=\"yoast-schema-graph\">{\"@context\":\"https:\/\/schema.org\",\"@graph\":[{\"@type\":\"WebPage\",\"@id\":\"https:\/\/doysa-agri.com\/index.php\/produkt\/mtd-rasentraktor-optima-minirider-76-rde\/\",\"url\":\"https:\/\/doysa-agri.com\/index.php\/produkt\/mtd-rasentraktor-optima-minirider-76-rde\/\",\"name\":\"MTD Rasentraktor Optima Minirider 76 RDE - Doysa Landwirtschaft\",\"isPartOf\":{\"@id\":\"https:\/\/doysa-agri.com\/#website\"},\"primaryImageOfPage\":{\"@id\":\"https:\/\/doysa-agri.com\/index.php\/produkt\/mtd-rasentraktor-optima-minirider-76-rde\/#primaryimage\"},\"image\":{\"@id\":\"https:\/\/doysa-agri.com\/index.php\/produkt\/mtd-rasentraktor-optima-minirider-76-rde\/#primaryimage\"},\"thumbnailUrl\":\"https:\/\/doysa-agri.com\/wp-content\/uploads\/2024\/05\/1-9.webp\",\"datePublished\":\"2023-06-12T20:29:37+00:00\",\"dateModified\":\"2024-08-27T18:34:52+00:00\",\"description\":\"MTD Rasentraktor Optima Minirider 76 RDE\",\"breadcrumb\":{\"@id\":\"https:\/\/doysa-agri.com\/index.php\/produkt\/mtd-rasentraktor-optima-minirider-76-rde\/#breadcrumb\"},\"inLanguage\":\"de\",\"potentialAction\":[{\"@type\":\"ReadAction\",\"target\":[\"https:\/\/doysa-agri.com\/index.php\/produkt\/mtd-rasentraktor-optima-minirider-76-rde\/\"]}]},{\"@type\":\"ImageObject\",\"inLanguage\":\"de\",\"@id\":\"https:\/\/doysa-agri.com\/index.php\/produkt\/mtd-rasentraktor-optima-minirider-76-rde\/#primaryimage\",\"url\":\"https:\/\/doysa-agri.com\/wp-content\/uploads\/2024\/05\/1-9.webp\",\"contentUrl\":\"https:\/\/doysa-agri.com\/wp-content\/uploads\/2024\/05\/1-9.webp\",\"width\":2560,\"height\":2560},{\"@type\":\"BreadcrumbList\",\"@id\":\"https:\/\/doysa-agri.com\/index.php\/produkt\/mtd-rasentraktor-optima-minirider-76-rde\/#breadcrumb\",\"itemListElement\":[{\"@type\":\"ListItem\",\"position\":1,\"name\":\"Accueil\",\"item\":\"https:\/\/doysa-agri.com\/\"},{\"@type\":\"ListItem\",\"position\":2,\"name\":\"Shop\",\"item\":\"https:\/\/doysa-agri.com\/index.php\/shop\/\"},{\"@type\":\"ListItem\",\"position\":3,\"name\":\"MTD Rasentraktor Optima Minirider 76 RDE\"}]},{\"@type\":\"WebSite\",\"@id\":\"https:\/\/doysa-agri.com\/#website\",\"url\":\"https:\/\/doysa-agri.com\/\",\"name\":\"Doysa Landwirtschaft\",\"description\":\"Entdecken Sie eine gro\u00dfe Auswahl an landwirtschaftlichen Ger\u00e4ten im Angebot von Doysa Agri. Finden Sie ganz einfach Traktoren, M\u00e4hdrescher, Anh\u00e4nger und mehr.\",\"publisher\":{\"@id\":\"https:\/\/doysa-agri.com\/#organization\"},\"potentialAction\":[{\"@type\":\"SearchAction\",\"target\":{\"@type\":\"EntryPoint\",\"urlTemplate\":\"https:\/\/doysa-agri.com\/?s={search_term_string}\"},\"query-input\":{\"@type\":\"PropertyValueSpecification\",\"valueRequired\":true,\"valueName\":\"search_term_string\"}}],\"inLanguage\":\"de\"},{\"@type\":\"Organization\",\"@id\":\"https:\/\/doysa-agri.com\/#organization\",\"name\":\"Doysa Landwirtschaft\",\"url\":\"https:\/\/doysa-agri.com\/\",\"logo\":{\"@type\":\"ImageObject\",\"inLanguage\":\"de\",\"@id\":\"https:\/\/doysa-agri.com\/#\/schema\/logo\/image\/\",\"url\":\"https:\/\/doysa-agri.com\/wp-content\/uploads\/2024\/05\/Doysa-Agricola_page-LOGO.jpg\",\"contentUrl\":\"https:\/\/doysa-agri.com\/wp-content\/uploads\/2024\/05\/Doysa-Agricola_page-LOGO.jpg\",\"width\":671,\"height\":163,\"caption\":\"Doysa Landwirtschaft\"},\"image\":{\"@id\":\"https:\/\/doysa-agri.com\/#\/schema\/logo\/image\/\"}}]}<\/script>\n<!-- \/ Yoast SEO plugin. -->","yoast_head_json":{"title":"MTD Rasentraktor Optima Minirider 76 RDE - Doysa Landwirtschaft","description":"MTD Rasentraktor Optima Minirider 76 RDE","robots":{"index":"index","follow":"follow","max-snippet":"max-snippet:-1","max-image-preview":"max-image-preview:large","max-video-preview":"max-video-preview:-1"},"canonical":"https:\/\/doysa-agri.com\/index.php\/produkt\/mtd-rasentraktor-optima-minirider-76-rde\/","og_locale":"de_DE","og_type":"article","og_title":"MTD Rasentraktor Optima Minirider 76 RDE - Doysa Landwirtschaft","og_description":"MTD Rasentraktor Optima Minirider 76 RDE","og_url":"https:\/\/doysa-agri.com\/index.php\/produkt\/mtd-rasentraktor-optima-minirider-76-rde\/","og_site_name":"Doysa Landwirtschaft","article_modified_time":"2024-08-27T18:34:52+00:00","og_image":[{"width":2560,"height":2560,"url":"https:\/\/doysa-agri.com\/wp-content\/uploads\/2024\/05\/1-9.webp","type":"image\/webp"}],"twitter_card":"summary_large_image","twitter_misc":{"Gesch\u00e4tzte Lesezeit":"1\u00a0Minute"},"schema":{"@context":"https:\/\/schema.org","@graph":[{"@type":"WebPage","@id":"https:\/\/doysa-agri.com\/index.php\/produkt\/mtd-rasentraktor-optima-minirider-76-rde\/","url":"https:\/\/doysa-agri.com\/index.php\/produkt\/mtd-rasentraktor-optima-minirider-76-rde\/","name":"MTD Rasentraktor Optima Minirider 76 RDE - Doysa Landwirtschaft","isPartOf":{"@id":"https:\/\/doysa-agri.com\/#website"},"primaryImageOfPage":{"@id":"https:\/\/doysa-agri.com\/index.php\/produkt\/mtd-rasentraktor-optima-minirider-76-rde\/#primaryimage"},"image":{"@id":"https:\/\/doysa-agri.com\/index.php\/produkt\/mtd-rasentraktor-optima-minirider-76-rde\/#primaryimage"},"thumbnailUrl":"https:\/\/doysa-agri.com\/wp-content\/uploads\/2024\/05\/1-9.webp","datePublished":"2023-06-12T20:29:37+00:00","dateModified":"2024-08-27T18:34:52+00:00","description":"MTD Rasentraktor Optima Minirider 76 RDE","breadcrumb":{"@id":"https:\/\/doysa-agri.com\/index.php\/produkt\/mtd-rasentraktor-optima-minirider-76-rde\/#breadcrumb"},"inLanguage":"de","potentialAction":[{"@type":"ReadAction","target":["https:\/\/doysa-agri.com\/index.php\/produkt\/mtd-rasentraktor-optima-minirider-76-rde\/"]}]},{"@type":"ImageObject","inLanguage":"de","@id":"https:\/\/doysa-agri.com\/index.php\/produkt\/mtd-rasentraktor-optima-minirider-76-rde\/#primaryimage","url":"https:\/\/doysa-agri.com\/wp-content\/uploads\/2024\/05\/1-9.webp","contentUrl":"https:\/\/doysa-agri.com\/wp-content\/uploads\/2024\/05\/1-9.webp","width":2560,"height":2560},{"@type":"BreadcrumbList","@id":"https:\/\/doysa-agri.com\/index.php\/produkt\/mtd-rasentraktor-optima-minirider-76-rde\/#breadcrumb","itemListElement":[{"@type":"ListItem","position":1,"name":"Accueil","item":"https:\/\/doysa-agri.com\/"},{"@type":"ListItem","position":2,"name":"Shop","item":"https:\/\/doysa-agri.com\/index.php\/shop\/"},{"@type":"ListItem","position":3,"name":"MTD Rasentraktor Optima Minirider 76 RDE"}]},{"@type":"WebSite","@id":"https:\/\/doysa-agri.com\/#website","url":"https:\/\/doysa-agri.com\/","name":"Doysa Landwirtschaft","description":"Entdecken Sie eine gro\u00dfe Auswahl an landwirtschaftlichen Ger\u00e4ten im Angebot von Doysa Agri. Finden Sie ganz einfach Traktoren, M\u00e4hdrescher, Anh\u00e4nger und mehr.","publisher":{"@id":"https:\/\/doysa-agri.com\/#organization"},"potentialAction":[{"@type":"SearchAction","target":{"@type":"EntryPoint","urlTemplate":"https:\/\/doysa-agri.com\/?s={search_term_string}"},"query-input":{"@type":"PropertyValueSpecification","valueRequired":true,"valueName":"search_term_string"}}],"inLanguage":"de"},{"@type":"Organization","@id":"https:\/\/doysa-agri.com\/#organization","name":"Doysa Landwirtschaft","url":"https:\/\/doysa-agri.com\/","logo":{"@type":"ImageObject","inLanguage":"de","@id":"https:\/\/doysa-agri.com\/#\/schema\/logo\/image\/","url":"https:\/\/doysa-agri.com\/wp-content\/uploads\/2024\/05\/Doysa-Agricola_page-LOGO.jpg","contentUrl":"https:\/\/doysa-agri.com\/wp-content\/uploads\/2024\/05\/Doysa-Agricola_page-LOGO.jpg","width":671,"height":163,"caption":"Doysa Landwirtschaft"},"image":{"@id":"https:\/\/doysa-agri.com\/#\/schema\/logo\/image\/"}}]}},"jetpack_sharing_enabled":true,"_links":{"self":[{"href":"https:\/\/doysa-agri.com\/index.php\/wp-json\/wp\/v2\/product\/17845","targetHints":{"allow":["GET"]}}],"collection":[{"href":"https:\/\/doysa-agri.com\/index.php\/wp-json\/wp\/v2\/product"}],"about":[{"href":"https:\/\/doysa-agri.com\/index.php\/wp-json\/wp\/v2\/types\/product"}],"replies":[{"embeddable":true,"href":"https:\/\/doysa-agri.com\/index.php\/wp-json\/wp\/v2\/comments?post=17845"}],"version-history":[{"count":1,"href":"https:\/\/doysa-agri.com\/index.php\/wp-json\/wp\/v2\/product\/17845\/revisions"}],"predecessor-version":[{"id":17857,"href":"https:\/\/doysa-agri.com\/index.php\/wp-json\/wp\/v2\/product\/17845\/revisions\/17857"}],"wp:featuredmedia":[{"embeddable":true,"href":"https:\/\/doysa-agri.com\/index.php\/wp-json\/wp\/v2\/media\/17846"}],"wp:attachment":[{"href":"https:\/\/doysa-agri.com\/index.php\/wp-json\/wp\/v2\/media?parent=17845"}],"wp:term":[{"taxonomy":"product_brand","embeddable":true,"href":"https:\/\/doysa-agri.com\/index.php\/wp-json\/wp\/v2\/product_brand?post=17845"},{"taxonomy":"product_cat","embeddable":true,"href":"https:\/\/doysa-agri.com\/index.php\/wp-json\/wp\/v2\/product_cat?post=17845"},{"taxonomy":"product_tag","embeddable":true,"href":"https:\/\/doysa-agri.com\/index.php\/wp-json\/wp\/v2\/product_tag?post=17845"}],"curies":[{"name":"wp","href":"https:\/\/api.w.org\/{rel}","templated":true}]}}